 51 is divided by 18.
15
What is the remainder when 36 is divided by 8?
4
Calculate the remainder when 287 is divided by 60.
47
What is the remainder when 3152 is divided by 83?
81
Calculate the remainder when 414 is divided by 19.
15
What is the remainder when 655 is divided by 82?
81
Calculate the remainder when 407 is divided by 12.
11
Calculate the remainder when 140 is divided by 26.
10
What is the remainder when 17669 is divided by 19?
18
Calculate the remainder when 214 is divided by 27.
25
What is the remainder when 52 is divided by 36?
16
What is the remainder when 206 is divided by 9?
8
What is the remainder when 57 is divided by 30?
27
Calculate the remainder when 196 is divided by 25.
21
What is the remainder when 829 is divided by 197?
41
Calculate the remainder when 513 is divided by 146.
75
Calculate the remainder when 983 is divided by 106.
29
Calculate the remainder when 366 is divided by 146.
74
What is the remainder when 59 is divided by 17?
8
What is the remainder when 192 is divided by 5?
2
What is the remainder when 680 is divided by 36?
32
What is the remainder when 11494 is divided by 50?
44
What is the remainder when 80 is divided by 4?
0
Calculate the remainder when 404 is divided by 1.
0
What is the remainder when 252 is divided by 28?
0
What is the remainder when 63 is divided by 21?
0
Calculate the remainder when 6431 is divided by 96.
95
Calculate the remainder when 3595 is divided by 31.
30
Calculate the remainder when 541 is divided by 117.
73
What is the remainder when 215 is divided by 7?
5
Calculate the remainder when 117 is divided by 39.
0
What is the remainder when 163 is divided by 109?
54
Calculate the remainder when 587 is divided by 85.
77
What is the remainder when 14664 is divided by 193?
189
What is the remainder when 389 is divided by 98?
95
Calculate the remainder when 309 is divided by 20.
9
Calculate the remainder when 856 is divided by 254.
94
What is the remainder when 937 is divided by 29?
9
Calculate the remainder when 300 is divided by 103.
94
What is the remainder when 16011 is divided by 51?
48
What is the remainder when 2567 is divided by 258?
245
Calculate the remainder when 822 is divided by 23.
17
What is the remainder when 232 is divided by 65?
37
Calculate the remainder when 3169 is divided by 456.
433
What is the remainder when 1077 is divided by 83?
81
What is the remainder when 776 is divided by 10?
6
Calculate the remainder when 1353 is divided by 5.
3
What is the remainder when 306 is divided by 105?
96
Calculate the remainder when 527 is divided by 142.
101
What is the remainder when 175 is divided by 39?
19
Calculate the remainder when 576 is divided by 53.
46
What is the remainder when 189 is divided by 97?
92
Calculate the remainder when 233 is divided by 7.
2
Calculate the remainder when 12799 is divided by 25.
24
What is the remainder when 792 is divided by 28?
8
Calculate the remainder when 254 is divided by 83.
5
What is the remainder when 1044 is divided by 70?
64
Calculate the remainder when 275 is divided by 57.
47
Calculate the remainder when 489 is divided by 70.
69
Calculate the remainder when 3644 is divided by 1821.
2
Calculate the remainder when 11471 is divided by 6.
5
Calculate the remainder when 177 is divided by 60.
57
What is the remainder when 6505 is divided by 203?
9
Calculate the remainder when 309 is divided by 26.
23
Calculate the remainder when 474 is divided by 12.
6
Calculate the remainder when 66 is divided by 12.
6
Calculate the remainder when 1086 is divided by 16.
14
What is the remainder when 107 is divided by 34?
5
What is the remainder when 183 is divided by 177?
6
Calculate the remainder when 49 is divided by 28.
21
What is the remainder when 11 is divided by 4?
3
What is the remainder when 904 is divided by 153?
139
Calculate the remainder when 582 is divided by 73.
71
Calculate the remainder when 392 is divided by 79.
76
Calculate the remainder when 1005 is divided by 991.
14
What is the remainder when 236 is divided by 79?
78
Calculate the remainder when 4895 is divided by 16.
15
Calculate the remainder when 91 is divided by 47.
44
Calculate the remainder when 320 is divided by 82.
74
What is the remainder when 1022 is divided by 64?
62
What is the remainder when 535 is divided by 82?
43
What is the remainder when 852 is divided by 9?
6
What is the remainder when 25 is divided by 22?
3
What is the remainder when 932 is divided by 428?
76
What is the remainder when 182 is divided by 72?
38
Calculate the remainder when 423 is divided by 14.
3
Calculate the remainder when 400 is divided by 39.
10
Calculate the remainder when 214 is divided by 8.
6
What is the remainder when 291 is divided by 21?
18
What is the remainder when 1743 is divided by 1726?
17
Calculate the remainder when 411 is divided by 18.
15
What is the remainder when 169 is divided by 25?
19
What is the remainder when 497 is divided by 10?
7
What is the remainder when 637 is divided by 71?
69
What is the remainder when 1113 is divided by 31?
28
Calculate the remainder when 39 is divided by 28.
11
What is the remainder when 449 is divided by 30?
29
What is the remainder when 14721 is divided by 95?
91
Calculate the remainder when 892 is divided by 31.
24
Calculate the remainder when 108 is divided by 46.
16
Calculate the remainder when 24638 is divided by 191.
190
Calculate the remainder when 339 is divided by 5.
4
Calculate the remainder when 130 is divided by 89.
41
Calculate the remainder when 21090 is divided by 161.
160
What is the remainder when 1053 is divided by 348?
9
What is the remainder when 313 is divided by 9?
7
What is the remainder when 864 is divided by 28?
24
Calculate the remainder when 1202 is divided by 34.
12
What is the remainder when 4603 is divided by 14?
11
Calculate the remainder when 3737 is divided by 85.
82
What is the remainder when 183 is divided by 45?
3
Calculate the remainder when 873 is divided by 162.
63
Calculate the remainder when 1538 is divided by 110.
108
Calculate the remainder when 189 is divided by 17.
2
What is the remainder when 155 is divided by 138?
17
Calculate the remainder when 115 is divided by 50.
15
Calculate the remainder when 88 is divided by 56.
32
What is the remainder when 238 is divided by 44?
18
What is the remainder when 185 is divided by 89?
7
What is the remainder when 527 is divided by 209?
109
Calculate the remainder when 78 is divided by 14.
8
Calculate the remainder when 1509 is divided by 21.
18
Calculate the remainder when 180 is divided by 3.
0
Calculate the remainder when 34405 is divided by 44.
41
Calculate the remainder when 55 is divided by 15.
10
Calculate the remainder when 56417 is divided by 26.
23
Calculate the remainder when 83 is divided by 19.
7
What is the remainder when 694 is divided by 342?
10
What is the remainder when 791 is divided by 785?
6
What is the remainder when 908 is divided by 127?
19
Calculate the remainder when 916 is divided by 34.
32
What is the remainder when 928 is divided by 5?
3
What is the remainder when 631 is divided by 34?
19
Calculate the remainder when 453 is divided by 102.
45
What is the remainder when 190 is divided by 34?
20
Calculate the remainder when 568 is divided by 262.
44
Calculate the remainder when 48 is divided by 13.
9
What is the remainder when 703 is divided by 16?
15
What is the remainder when 11 is divided by 7?
4
What is the remainder when 190 is divided by 28?
22
Calculate the remainder when 2477 is divided by 156.
137
Calculate the remainder when 1418 is divided by 49.
46
What is the remainder when 379 is divided by 35?
29
Calculate the remainder when 1238 is divided by 66.
50
What is the remainder when 83 is divided by 40?
3
Calculate the remainder when 29 is divided by 6.
5
What is the remainder when 271 is divided by 46?
41
Calculate the remainder when 985 is divided by 22.
17
What is the remainder when 565 is divided by 82?
73
Calculate the remainder when 108 is divided by 52.
4
What is the remainder when 308 is divided by 26?
22
Calculate the remainder when 471 is divided by 168.
135
Calculate the remainder when 1422 is divided by 1406.
16
Calculate the remainder when 549 is divided by 83.
51
What is the remainder when 649 is divide